posite number?
False
Is 88069 a composite number?
False
Is 23741 prime?
True
Is 587473 a prime number?
True
Is 18787 prime?
True
Is 38579 composite?
True
Is 121283 composite?
False
Is 65498 a composite number?
True
Is 10049 prime?
False
Is 38111 a prime number?
False
Is 216799 a composite number?
True
Is 2819 a prime number?
True
Is 22343 a prime number?
True
Is 36251 a prime number?
True
Is 37621 prime?
False
Is 5153 prime?
True
Is 12451 a composite number?
False
Is 211 a composite number?
False
Is 38339 a prime number?
False
Is 252691 prime?
True
Is 3313 a prime number?
True
Is 301867 a composite number?
False
Is 240563 composite?
True
Is 14041 a prime number?
False
Is 3947 prime?
True
Is 2053 prime?
True
Is 5921 a composite number?
True
Is 3005 prime?
False
Is 3377 prime?
False
Is 307313 composite?
True
Is 502433 a composite number?
True
Is 60011 prime?
False
Is 462907 a prime number?
False
Is 4385 a composite number?
True
Is 42899 a composite number?
False
Is 30773 prime?
True
Is 1623263 a composite number?
False
Is 196861 prime?
False
Is 3777 a composite number?
True
Is 66323 composite?
True
Is 6707 composite?
True
Is 12979 a composite number?
False
Is 3949 prime?
False
Is 23039 prime?
True
Is 143 prime?
False
Is 88429 a composite number?
True
Is 208271 prime?
False
Is 98999 composite?
False
Is 39487 a prime number?
False
Is 33227 composite?
True
Is 13807 a prime number?
True
Is 29803 a composite number?
False
Is 6139211 composite?
True
Is 128302 composite?
True
Is 76303 composite?
False
Is 455645 prime?
False
Is 9977 composite?
True
Is 452579 a composite number?
False
Is 82833 prime?
False
Is 98369 composite?
False
Is 304411 a prime number?
True
Is 374929 composite?
False
Is 53765 a composite number?
True
Is 361723 a prime number?
True
Is 923057 composite?
True
Is 124601 a composite number?
False
Is 46169 a composite number?
True
Is 11621 a prime number?
True
Is 195851 prime?
False
Is 132103 a prime number?
True
Is 623 prime?
False
Is 3251 prime?
True
Is 1055 a prime number?
False
Is 556883 a prime number?
True
Is 401 prime?
True
Is 24143 prime?
False
Is 998 a composite number?
True
Is 35726 composite?
True
Is 201031 a composite number?
False
Is 618743 a composite number?
True
Is 1538 prime?
False
Is 41473 prime?
False
Is 167961 a composite number?
True
Is 241013 prime?
True
Is 12071 prime?
True
Is 1763 a prime number?
False
Is 11351 prime?
True
Is 319798 a composite number?
True
Is 292427 a composite number?
False
Is 64411 a prime number?
False
Is 23741 a composite number?
False
Is 13781 composite?
False
Is 1061 a composite number?
False
Is 3203 prime?
True
Is 15481 a composite number?
True
Is 139583 composite?
True
Is 2722021 a composite number?
False
Is 13997 prime?
True
Is 428613 a composite number?
True
Is 1732261 prime?
True
Is 2483 a prime number?
False
Is 263267 prime?
True
Is 7609 a composite number?
True
Is 23417 composite?
False
Is 585587 a prime number?
True
Is 383017 prime?
False
Is 9128435 prime?
False
Is 205297 a prime number?
True
Is 7711 composite?
True
Is 792238 a prime number?
False
Is 304301 a composite number?
False
Is 152049 a prime number?
False
Is 390581 prime?
True
Is 3749 composite?
True
Is 535 prime?
False
Is 30859 composite?
False
Is 82961 a prime number?
False
Is 600179 composite?
True
Is 331543 a prime number?
True
Is 11671 composite?
True
Is 28383 prime?
False
Is 7717 composite?
False
Is 2819 prime?
True
Is 14647 a prime number?
False
Is 18481 prime?
True
Is 177739 composite?
False
Is 11593 composite?
False
Is 19702 a prime number?
False
Is 1894 a composite number?
True
Is 429085 prime?
False
Is 106073 composite?
True
Is 1439 composite?
False
Is 206798 a composite number?
True
Is 277531 a prime number?
True
Is 5919 a composite number?
True
Is 19531 prime?
True
Is 450233 a composite number?
True
Is 146917 a composite number?
False
Is 147977 a prime number?
True
Is 35747 a composite number?
False
Is 47237 a prime number?
True
Is 21687 a composite number?
True
Is 67747 a prime number?
False
Is 519247 a prime number?
True
Is 290843 composite?
True
Is 126913 composite?
False
Is 944453 composite?
False
Is 3429109 prime?
True
Is 1114 composite?
True
Is 202357 prime?
True
Is 7187 prime?
True
Is 17939 composite?
False
Is 35759 a prime number?
True
Is 9543 prime?
False
Is 11963 composite?
True
Is 10961 a composite number?
True
Is 83459 composite?
False
Is 56291 a prime number?
False
Is 71387 a prime number?
True
Is 541906 a prime number?
False
Is 13147 a prime number?
True
Is 823753 composite?
True
Is 62039 composite?
False
Is 3947 a prime number?
True
Is 128543 composite?
True
Is 5261 a prime number?
True
Is 52795 a composite number?
True
Is 7663 a composite number?
True
Is 12143 a composite number?
False
Is 16183 composite?
False
Is 56747 a prime number?
True
Is 6863 prime?
True
Is 298345 a composite number?
True
Is 3017 a composite number?
True
Is 76283 a composite number?
False
Is 25178 prime?
False
Is 49663 composite?
False
Is 3096987 prime?
False
Is 1372661 a prime number?
True
Is 44809 a composite number?
False
Is 60745 prime?
False
Is 175611 a composite number?
True
Is 185879 a prime number?
False
Is 40601 a prime number?
False
Is 26981 a composite number?
False
Is 32639 a prime number?
False
Is 1361 composite?
False
Is 5581 a composite number?
False
Is 107807 a prime number?
False
Is 51677 a prime number?
False
Is 1053281 composite?
True
Is 189901 a prime number?
True
Is 2616761 a prime number?
False
Is 21529 composite?
False
Is 15869 a composite number?
True
Is 3307 prime?
True
Is 541 composite?
False
Is 314521 a prime number?
False
Is 106487 a composite number?
False
Is 119 a composite number?
True
Is 248447 prime?
True
Is 10289 a composite number?
False
Is 546058 composite?
True
Is 346159 composite?
True
Is 1693 composite?
False
Is 12841 prime?
True
Is 15277 a prime number?
True
Is 32411 composite?
False
Is 1087 a prime number?
True
Is 1329313 prime?
True
Is 171499 prime?
False
Is 7207 composite?
False
Is 109423 prime?
True
Is 279787 prime?
False
Is 179713 a prime number?
False
Is 343031 a prime number?
False
Is 7321 a composite number?
False
Is 723599 composite?
True
Is 769 a prime number?
True
Is 40571 composite?
True
Is 6595 a composite number?
True
Is 370529 composite?
False
Is 70297 composite?
False
Is 134471 prime?
True
Is 147683 a composite number?
True
Is 4769 composite?
True
Is 48077 a composite number?
True
Is 42277 a composite number?
True
Is 176887 prime?
True
Is 1534933 a prime number?
False
Is 627901 composite?
False
Is 1994567 prime?
True
Is 28181 a prime number?
True
Is 6329 composite?
False
Is 22901 a prime number?
True
Is 59761 a composite number?
True
Is 4918 composite?
True
Is 398771 a prime number?
True
Is 2099 a composite number?
False
Is 74231 a prime number?
True
Is 35221 composite?
False
Is 14709 a composite number?
True
Is 4703 composite?
False
Is 416111 prime?
False
Is 56435 a composite number?
True
Is 103681 composite?
False
Is 3793 prime?
True
Is 5923 prime?
True
Is 7393 a composite number?
False
Is 16847 composite?
True
Is 176699 a prime number?
True
Is 69271 a composite number?
True
Is 1135793 prime?
False
Is 8779 prime?
True
Is 126683 prime?
True
Is 114953 prime?
False
Is 4783 a composite number?
False
Is 1028093 a prime number?
False
Is 4679 composite?
False
Is 80219 prime?
False
Is 101681 composite?
False
Is 157445 prime?
False
Is 2723 prime?
False
Is 135437 a composite number?
True
Is 138745 a prime number?
False
Is 4699 prime?
False
Is 4054301 a prime number?
False
Is 74149 a composite number?
False
Is 12197 prime?
True
Is 23857 composite?
False
Is 2111 a composite number?
False
Is 183731 prime?
False
Is 79757 a composite number?
False
Is 24223 composite?
False
Is 28599 a prime number?
False
Is 5737 a composite number?
False
Is 553342 a prime number?
False
Is 13033 prime?
True
Is 87289 a composite number?
True
Is 897409 composite?
True
Is 55429 a prime number?
False
Is 343337 composite?
False
Is 3715 a prime number?
False
Is 178987 a composite number?
False
Is 3821 composite?
False
Is 135103 a prime number?
False
Is 22667 composite?
True
Is 32551 a prime number?
False
Is 249749 a prime number?
True
Is 35345 a composite number?
True
Is 123 prime?
False
Is 920578 com